{"id":1926,"date":"2020-07-18T11:15:15","date_gmt":"2020-07-18T09:15:15","guid":{"rendered":"http:\/\/www.boutique.sajef.net\/?post_type=product&#038;p=1926"},"modified":"2020-07-18T11:15:16","modified_gmt":"2020-07-18T09:15:16","slug":"les-grandes-seigneuries-de-haute-bretagne-par-guillotin-de-corson-loire-inferieure-cd-rom","status":"publish","type":"product","link":"https:\/\/www.boutique.sajef.net\/index.php\/produit\/les-grandes-seigneuries-de-haute-bretagne-par-guillotin-de-corson-loire-inferieure-cd-rom\/","title":{"rendered":"Les Grandes Seigneuries de Haute-Bretagne par Guillotin de Corson &#8220;Loire-Inf\u00e9rieure&#8221; (Cd-Rom)"},"content":{"rendered":"<div id=\"bouti-1298512174\" class=\"bouti-avant-le-contenu bouti-entity-placement\"><script async src=\"\/\/pagead2.googlesyndication.com\/pagead\/js\/adsbygoogle.js?client=ca-pub-8639961027790050\" crossorigin=\"anonymous\"><\/script><ins class=\"adsbygoogle\" style=\"display:block;\" data-ad-client=\"ca-pub-8639961027790050\" \ndata-ad-slot=\"\" \ndata-ad-format=\"auto\"><\/ins>\n<script> \n(adsbygoogle = window.adsbygoogle || []).push({}); \n<\/script>\n<\/div><p>Ce Cd-Rom interactif comprend les notices sur les seigneuries suivantes : Aigrefeuille (ch\u00e2tellenie), Ancenis (baronnie), Asserac (marquisat), Becdeli\u00e8vre (marquisat), Blain (marquisat), Le Boischevalier (ch\u00e2tellenie), Le Boisrouaud (ch\u00e2tellenie), Bougon (ch\u00e2tellenie), La Bretesche (marquisat), Briord (ch\u00e2tellenie), Bruc (ch\u00e2tellenie), Campzillon (baronnie), Careil (ch\u00e2tellenie), Carheil (vicomt\u00e9), Charette (marquisat), Ch\u00e2teaubriant (baronnie), Ch\u00e2teaufromont (marquisat), Ch\u00e2teauth\u00e9baud (ch\u00e2tellenie), Clisson (ch\u00e2tellenie), Coislin (marquisat et duch\u00e9), La Colini\u00e8re (baronnie), Cordemais (ch\u00e2tellenie), Cou\u00ebron (ch\u00e2tellenie), Derval (baronnie), Donges (vicomt\u00e9), Escoublac (ch\u00e2tellenie), F\u00e9gr\u00e9ac (ch\u00e2tellenie), Ferc\u00e9 (vicomt\u00e9), Fromenteau (marquisat), Frossay (marquisat), La Galissonni\u00e8re (marquisat), La Galmeli\u00e8re (ch\u00e2tellenie), Le Gavre (ch\u00e2tellenie), Goulaine (marquisat), Le Gu\u00e9-au-Voyer et La S\u00e9neschalli\u00e8re (ch\u00e2tellenies), Gu\u00e9rande (ch\u00e2tellenie), La Guerche (marquisat), La Guibourg\u00e8re (ch\u00e2tellenie), La Haye de Lavau (ch\u00e2tellenie), Iss\u00e9 (ch\u00e2tellenie), Jasson-et-Malno\u00eb (ch\u00e2tellenie), La Juliennaye (ch\u00e2tellenie), Loyaux (vicomt\u00e9), Marsaint (baronnie), La Massaye (comt\u00e9), Montrelais (baronnie), La Motte-Glain (ch\u00e2tellenie), La Muce-Ponthus (ch\u00e2tellenie), La Muce ou Le Bois-de-La-Muce (marquisat), Nantes (comt\u00e9), La Nou\u00eb-Briord (ch\u00e2tellenie), Nozay (ch\u00e2tellenie), Oudon (ch\u00e2tellenie), Pontch\u00e2teau (baronnie), Porteric (baronnie), Retz (baronnie, duch\u00e9), R\u00e9gaires de l&#8217;\u00e9v\u00each\u00e9, Rez\u00e9, La Roche-Bernard (baronnie), Roug\u00e9 (ch\u00e2tellenie), Saffr\u00e9 (ch\u00e2tellenie), Saint-Aubin-des-Ch\u00e2teaux (ch\u00e2tellenie), Saint-Mars-de-Coutais (ch\u00e2tellenie), Saint-Mars-La-Jaille (ch\u00e2tellenie), Saint-Nazaire (vicomt\u00e9), La Salle-en-Fresnay (ch\u00e2tellenie), Sesmaisons (ch\u00e2tellenie), Sion (ch\u00e2tellenie), Souch\u00e9 (ch\u00e2tellenie), Thouar\u00e9 (ch\u00e2tellenie), La Touche-Cornulier (ch\u00e2tellenie), La Touche-Limouzini\u00e8re (ch\u00e2tellenie), Touffou (ch\u00e2tellenie), Ust (ch\u00e2tellenie), Vay (ch\u00e2tellenie), V Vieillevigne (ch\u00e2tellenie), Vritz (ch\u00e2tellenie)<\/p>\n<div style=\"padding-bottom:20px; padding-top:10px;\" class=\"hupso-share-buttons\"><!-- Hupso Share Buttons - https:\/\/www.hupso.com\/share\/ --><a class=\"hupso_toolbar\" href=\"https:\/\/www.hupso.com\/share\/\"><img decoding=\"async\" src=\"https:\/\/static.hupso.com\/share\/buttons\/lang\/fr\/share-medium.png\" style=\"border:0px; padding-top: 5px; float:left;\" alt=\"Share Button\"\/><\/a><script type=\"text\/javascript\">var hupso_services_t=new Array(\"Twitter\",\"Facebook\",\"Pinterest\",\"Linkedin\",\"StumbleUpon\",\"Digg\",\"Reddit\",\"Bebo\",\"Delicious\");var hupso_background_t=\"#EAF4FF\";var hupso_border_t=\"#66CCFF\";var hupso_toolbar_size_t=\"medium\";var hupso_image_folder_url = \"\";var hupso_url_t=\"\";var hupso_title_t=\"Les%20Grandes%20Seigneuries%20de%20Haute-Bretagne%20par%20Guillotin%20de%20Corson%20%22Loire-Inf%C3%A9rieure%22%20%28Cd-Rom%29\";<\/script><script type=\"text\/javascript\" src=\"https:\/\/static.hupso.com\/share\/js\/share_toolbar.js\"><\/script><!-- Hupso Share Buttons --><\/div><div id=\"bouti-405736064\" class=\"bouti-genealogie2 bouti-entity-placement\"><script async src=\"\/\/pagead2.googlesyndication.com\/pagead\/js\/adsbygoogle.js?client=ca-pub-8639961027790050\" crossorigin=\"anonymous\"><\/script><ins class=\"adsbygoogle\" style=\"display:block;\" data-ad-client=\"ca-pub-8639961027790050\" \ndata-ad-slot=\"\" \ndata-ad-format=\"auto\"><\/ins>\n<script> \n(adsbygoogle = window.adsbygoogle || []).push({}); \n<\/script>\n<\/div>","protected":false},"excerpt":{"rendered":"<p>Ce Cd-Rom interactif comprend les notices sur les seigneuries<\/p>\n<div style=\"padding-bottom:20px; padding-top:10px;\" class=\"hupso-share-buttons\"><!-- Hupso Share Buttons - https:\/\/www.hupso.com\/share\/ --><a class=\"hupso_toolbar\" href=\"https:\/\/www.hupso.com\/share\/\"><img src=\"https:\/\/static.hupso.com\/share\/buttons\/lang\/fr\/share-medium.png\" style=\"border:0px; padding-top: 5px; float:left;\" alt=\"Share Button\"\/><\/a><script type=\"text\/javascript\">var hupso_services_t=new Array(\"Twitter\",\"Facebook\",\"Pinterest\",\"Linkedin\",\"StumbleUpon\",\"Digg\",\"Reddit\",\"Bebo\",\"Delicious\");var hupso_background_t=\"#EAF4FF\";var hupso_border_t=\"#66CCFF\";var hupso_toolbar_size_t=\"medium\";var hupso_image_folder_url = \"\";var hupso_url_t=\"\";var hupso_title_t=\"Les%20Grandes%20Seigneuries%20de%20Haute-Bretagne%20par%20Guillotin%20de%20Corson%20%22Loire-Inf%C3%A9rieure%22%20%28Cd-Rom%29\";<\/script><script type=\"text\/javascript\" src=\"https:\/\/static.hupso.com\/share\/js\/share_toolbar.js\"><\/script><!-- Hupso Share Buttons --><\/div>","protected":false},"featured_media":1927,"comment_status":"open","ping_status":"closed","template":"","meta":[],"_links":{"self":[{"href":"https:\/\/www.boutique.sajef.net\/index.php\/wp-json\/wp\/v2\/product\/1926"}],"collection":[{"href":"https:\/\/www.boutique.sajef.net\/index.php\/wp-json\/wp\/v2\/product"}],"about":[{"href":"https:\/\/www.boutique.sajef.net\/index.php\/wp-json\/wp\/v2\/types\/product"}],"replies":[{"embeddable":true,"href":"https:\/\/www.boutique.sajef.net\/index.php\/wp-json\/wp\/v2\/comments?post=1926"}],"wp:featuredmedia":[{"embeddable":true,"href":"https:\/\/www.boutique.sajef.net\/index.php\/wp-json\/wp\/v2\/media\/1927"}],"wp:attachment":[{"href":"https:\/\/www.boutique.sajef.net\/index.php\/wp-json\/wp\/v2\/media?parent=1926"}],"curies":[{"name":"wp","href":"https:\/\/api.w.org\/{rel}","templated":true}]}}