{"id":1936,"date":"2020-12-23T19:23:39","date_gmt":"2020-12-23T18:23:39","guid":{"rendered":"http:\/\/www.boutique.sajef.net\/?post_type=product&#038;p=1936"},"modified":"2026-03-16T10:48:12","modified_gmt":"2026-03-16T09:48:12","slug":"anciens-registres-paroissiaux-de-bretagne-par-paris-jallobert-manuscrits-inedits-cd-rom","status":"publish","type":"product","link":"https:\/\/www.boutique.sajef.net\/index.php\/produit\/anciens-registres-paroissiaux-de-bretagne-par-paris-jallobert-manuscrits-inedits-cd-rom\/","title":{"rendered":"Anciens registres paroissiaux de Bretagne par Paris-Jallobert Manuscrits in\u00e9dits (Cd-Rom)"},"content":{"rendered":"<div id=\"bouti-2511975860\" class=\"bouti-avant-le-contenu bouti-entity-placement\"><script async src=\"\/\/pagead2.googlesyndication.com\/pagead\/js\/adsbygoogle.js?client=ca-pub-8639961027790050\" crossorigin=\"anonymous\"><\/script><ins class=\"adsbygoogle\" style=\"display:block;\" data-ad-client=\"ca-pub-8639961027790050\" \ndata-ad-slot=\"\" \ndata-ad-format=\"auto\"><\/ins>\n<script> \n(adsbygoogle = window.adsbygoogle || []).push({}); \n<\/script>\n<\/div><p>Durant 14 ans, l&#8217;abb\u00e9 Paul Paris-Jallobert (1838-1905) a r\u00e9alis\u00e9<strong> un travail colossal<\/strong> : intitul\u00e9e &#8220;Anciens registres paroissiaux de Bretagne&#8221;, son oeuvre avait pour but de d\u00e9pouiller les registres paroissiaux, afin de publier une brochure pour chaque commune de Bretagne. Chaque brochure comportait : l&#8217;inventaire des registres d\u00e9pos\u00e9s \u00e0 la mairie, au greffe du tribunal civil, et quelquefois rest\u00e9s entre les mains du clerg\u00e9 ; un r\u00e9pertoire des familles nobles et bourgeoises, par ordre alphab\u00e9tique et g\u00e9n\u00e9alogique, avec les dates de bapt\u00eames, mariages et s\u00e9pultures ; un inventaire du clerg\u00e9, dans le m\u00eame ordre et avec les notes qui le concernent ; les faits-divers, quels qu&#8217;ils soient, mentionn\u00e9s dans la collection.<\/p>\n<p style=\"text-align: justify;\">Pour chacune des communes \u00e9tudi\u00e9es, vous trouverez <strong>un manuscrit <\/strong>(document de travail) de l\u2019abb\u00e9 Paris-Jallobert. Argentr\u00e9, La Baussaine, Betton, La Boussac, Br\u00e9al-sous-Monfort, Campel, La Chapelle-Chauss\u00e9e, La Chapelle-Janson, La Chapelle-Saint-Aubert, Chartres-de-Bretagne, Ch\u00e2tillon-sur-Seiche, Cherrueix, Guillac, H\u00e9d\u00e9-et-Bazouges, Irodou\u00ebr, Laill\u00e9, Lourmaie, Le Loutehel, Maure, M\u00e9dr\u00e9ac, Miniac-sous-B\u00e9cherel, Mont-Dol, Pl\u00e9lan, Plesguen, Pleumeleuc, Plouasne, Rennes paroisse Saint-Aubin, Saint-Broladre, Saint-Gondran, Saint-Marcon, Saint-M\u00e9en, Saint-M\u00e9loir-des-Bois, Saint-Onen, Saint-P\u00e9ran, Saint-Symphorien, Thorign\u00e9, Tr\u00e9m\u00e9heuc, Villepot.<\/p>\n<p style=\"text-align: justify;\"><a href=\"http:\/\/www.sajef.net\/pages\/produits\/pj\/002.jpg\" target=\"_blank\" rel=\"noopener noreferrer\">Voici un exemple de page en haute d\u00e9finition<\/a><\/p>\n<p style=\"text-align: justify;\">Durant 14 ans, l&#8217;abb\u00e9 Paul Paris-Jallobert (1838-1905) a r\u00e9alis\u00e9 <strong>un travail colossal<\/strong> : intitul\u00e9e &#8220;Anciens registres paroissiaux de Bretagne&#8221;, son oeuvre avait pour but de d\u00e9pouiller les registres paroissiaux, afin de publier une brochure pour chaque commune de Bretagne. Chaque brochure comportait : l&#8217;inventaire des registres d\u00e9pos\u00e9s \u00e0 la mairie, au greffe du tribunal civil, et quelquefois rest\u00e9s entre les mains du clerg\u00e9 ; un r\u00e9pertoire des familles nobles et bourgeoises, par ordre alphab\u00e9tique et g\u00e9n\u00e9alogique, avec les dates de bapt\u00eames, mariages et s\u00e9pultures ; un inventaire du clerg\u00e9, dans le m\u00eame ordre et avec les notes qui le concernent ; les faits-divers, quels qu&#8217;ils soient, mentionn\u00e9s dans la collection.<\/p>\n<p>&nbsp;<\/p>\n<div style=\"padding-bottom:20px; padding-top:10px;\" class=\"hupso-share-buttons\"><!-- Hupso Share Buttons - https:\/\/www.hupso.com\/share\/ --><a class=\"hupso_toolbar\" href=\"https:\/\/www.hupso.com\/share\/\"><img decoding=\"async\" src=\"https:\/\/static.hupso.com\/share\/buttons\/lang\/fr\/share-medium.png\" style=\"border:0px; padding-top: 5px; float:left;\" alt=\"Share Button\"\/><\/a><script type=\"text\/javascript\">var hupso_services_t=new Array(\"Twitter\",\"Facebook\",\"Pinterest\",\"Linkedin\",\"StumbleUpon\",\"Digg\",\"Reddit\",\"Bebo\",\"Delicious\");var hupso_background_t=\"#EAF4FF\";var hupso_border_t=\"#66CCFF\";var hupso_toolbar_size_t=\"medium\";var hupso_image_folder_url = \"\";var hupso_url_t=\"\";var hupso_title_t=\"Anciens%20registres%20paroissiaux%20de%20Bretagne%20par%20Paris-Jallobert%20Manuscrits%20in%C3%A9dits%20%28Cd-Rom%29\";<\/script><script type=\"text\/javascript\" src=\"https:\/\/static.hupso.com\/share\/js\/share_toolbar.js\"><\/script><!-- Hupso Share Buttons --><\/div><div id=\"bouti-683557058\" class=\"bouti-genealogie2 bouti-entity-placement\"><script async src=\"\/\/pagead2.googlesyndication.com\/pagead\/js\/adsbygoogle.js?client=ca-pub-8639961027790050\" crossorigin=\"anonymous\"><\/script><ins class=\"adsbygoogle\" style=\"display:block;\" data-ad-client=\"ca-pub-8639961027790050\" \ndata-ad-slot=\"\" \ndata-ad-format=\"auto\"><\/ins>\n<script> \n(adsbygoogle = window.adsbygoogle || []).push({}); \n<\/script>\n<\/div>","protected":false},"excerpt":{"rendered":"<p>Durant 14 ans, l&#8217;abb\u00e9 Paul Paris-Jallobert (1838-1905) a r\u00e9alis\u00e9<strong> un travail colossal<\/strong> : intitul\u00e9e &#8220;Anciens registres paroissiaux de Bretagne&#8221;, son oeuvre avait pour but de d\u00e9pouiller les registres paroissiaux, afin de publier une brochure pour chaque commune de Bretagne.<\/p>\n<div style=\"padding-bottom:20px; padding-top:10px;\" class=\"hupso-share-buttons\"><!-- Hupso Share Buttons - https:\/\/www.hupso.com\/share\/ --><a class=\"hupso_toolbar\" href=\"https:\/\/www.hupso.com\/share\/\"><img src=\"https:\/\/static.hupso.com\/share\/buttons\/lang\/fr\/share-medium.png\" style=\"border:0px; padding-top: 5px; float:left;\" alt=\"Share Button\"\/><\/a><script type=\"text\/javascript\">var hupso_services_t=new Array(\"Twitter\",\"Facebook\",\"Pinterest\",\"Linkedin\",\"StumbleUpon\",\"Digg\",\"Reddit\",\"Bebo\",\"Delicious\");var hupso_background_t=\"#EAF4FF\";var hupso_border_t=\"#66CCFF\";var hupso_toolbar_size_t=\"medium\";var hupso_image_folder_url = \"\";var hupso_url_t=\"\";var hupso_title_t=\"Anciens%20registres%20paroissiaux%20de%20Bretagne%20par%20Paris-Jallobert%20Manuscrits%20in%C3%A9dits%20%28Cd-Rom%29\";<\/script><script type=\"text\/javascript\" src=\"https:\/\/static.hupso.com\/share\/js\/share_toolbar.js\"><\/script><!-- Hupso Share Buttons --><\/div>","protected":false},"featured_media":58,"comment_status":"open","ping_status":"closed","template":"","meta":[],"_links":{"self":[{"href":"https:\/\/www.boutique.sajef.net\/index.php\/wp-json\/wp\/v2\/product\/1936"}],"collection":[{"href":"https:\/\/www.boutique.sajef.net\/index.php\/wp-json\/wp\/v2\/product"}],"about":[{"href":"https:\/\/www.boutique.sajef.net\/index.php\/wp-json\/wp\/v2\/types\/product"}],"replies":[{"embeddable":true,"href":"https:\/\/www.boutique.sajef.net\/index.php\/wp-json\/wp\/v2\/comments?post=1936"}],"wp:featuredmedia":[{"embeddable":true,"href":"https:\/\/www.boutique.sajef.net\/index.php\/wp-json\/wp\/v2\/media\/58"}],"wp:attachment":[{"href":"https:\/\/www.boutique.sajef.net\/index.php\/wp-json\/wp\/v2\/media?parent=1936"}],"curies":[{"name":"wp","href":"https:\/\/api.w.org\/{rel}","templated":true}]}}